28591 is divided by 8?
7
Calculate the remainder when 6877 is divided by 2128.
493
Calculate the remainder when 13163 is divided by 16.
11
What is the remainder when 27266 is divided by 1426?
172
Calculate the remainder when 21598 is divided by 829.
44
What is the remainder when 67071 is divided by 262?
261
Calculate the remainder when 10510 is divided by 158.
82
What is the remainder when 1145656 is divided by 663?
655
What is the remainder when 1650082 is divided by 24?
10
Calculate the remainder when 17237 is divided by 573.
47
What is the remainder when 1370 is divided by 697?
673
What is the remainder when 23582 is divided by 28?
6
Calculate the remainder when 80516 is divided by 13412.
44
Calculate the remainder when 24 is divided by 11.
2
What is the remainder when 19628 is divided by 165?
158
Calculate the remainder when 816 is divided by 392.
32
What is the remainder when 5502 is divided by 145?
137
Calculate the remainder when 98898 is divided by 492.
6
Calculate the remainder when 5200 is divided by 385.
195
Calculate the remainder when 191043 is divided by 190977.
66
Calculate the remainder when 4607 is divided by 598.
421
Calculate the remainder when 113239 is divided by 37704.
127
Calculate the remainder when 9530 is divided by 1587.
8
What is the remainder when 1647485 is divided by 122?
119
Calculate the remainder when 10047 is divided by 3101.
744
What is the remainder when 10760 is divided by 326?
2
What is the remainder when 11097 is divided by 42?
9
Calculate the remainder when 15605 is divided by 74.
65
What is the remainder when 1341 is divided by 1090?
251
What is the remainder when 11847 is divided by 1462?
151
What is the remainder when 17706026 is divided by 15?
11
What is the remainder when 241934 is divided by 135?
14
Calculate the remainder when 20206 is divided by 28.
18
Calculate the remainder when 1081 is divided by 391.
299
What is the remainder when 112140 is divided by 163?
159
Calculate the remainder when 2579 is divided by 30.
29
Calculate the remainder when 2164 is divided by 282.
190
Calculate the remainder when 5931 is divided by 263.
145
What is the remainder when 299282 is divided by 516?
2
Calculate the remainder when 16614 is divided by 824.
134
Calculate the remainder when 90581 is divided by 90556.
25
Calculate the remainder when 6467 is divided by 1080.
1067
What is the remainder when 102298 is divided by 46?
40
Calculate the remainder when 10499 is divided by 30.
29
Calculate the remainder when 232140 is divided by 145.
140
Calculate the remainder when 24196 is divided by 1334.
184
What is the remainder when 58077 is divided by 14503?
65
What is the remainder when 329518 is divided by 240?
238
Calculate the remainder when 15234 is divided by 576.
258
Calculate the remainder when 3956 is divided by 556.
64
Calculate the remainder when 9881 is divided by 1234.
9
What is the remainder when 10076 is divided by 917?
906
Calculate the remainder when 39422 is divided by 128.
126
What is the remainder when 2196 is divided by 820?
556
What is the remainder when 11621 is divided by 11576?
45
What is the remainder when 326795 is divided by 12?
11
What is the remainder when 153178 is divided by 153159?
19
Calculate the remainder when 963134 is divided by 223.
220
Calculate the remainder when 1721 is divided by 820.
81
What is the remainder when 6585 is divided by 525?
285
What is the remainder when 10079 is divided by 45?
44
Calculate the remainder when 464487 is divided by 313.
308
What is the remainder when 344874 is divided by 452?
450
What is the remainder when 216919 is divided by 1708?
3
What is the remainder when 315338 is divided by 45048?
2
Calculate the remainder when 8307 is divided by 3030.
2247
Calculate the remainder when 22014 is divided by 60.
54
What is the remainder when 114516 is divided by 2793?
3
Calculate the remainder when 33116 is divided by 80.
76
What is the remainder when 43165 is divided by 113?
112
Calculate the remainder when 7729 is divided by 549.
43
What is the remainder when 6895 is divided by 3080?
735
Calculate the remainder when 24274 is divided by 1862.
68
Calculate the remainder when 558083 is divided by 1848.
1835
Calculate the remainder when 298069 is divided by 21.
16
Calculate the remainder when 15946 is divided by 1560.
346
Calculate the remainder when 7251 is divided by 59.
53
What is the remainder when 6012 is divided by 849?
69
Calculate the remainder when 4768 is divided by 3.
1
Calculate the remainder when 537194 is divided by 55.
9
What is the remainder when 116123 is divided by 58055?
13
What is the remainder when 20796 is divided by 90?
6
Calculate the remainder when 11835 is divided by 299.
174
Calculate the remainder when 9508 is divided by 2305.
288
Calculate the remainder when 1594 is divided by 43.
3
What is the remainder when 4463 is divided by 619?
130
What is the remainder when 16339 is divided by 1812?
31
What is the remainder when 5718 is divided by 51?
6
Calculate the remainder when 15524 is divided by 159.
101
Calculate the remainder when 3326 is divided by 907.
605
Calculate the remainder when 26000 is divided by 400.
0
What is the remainder when 2766 is divided by 75?
66
What is the remainder when 171324 is divided by 85660?
4
What is the remainder when 84276 is divided by 383?
16
Calculate the remainder when 1104528 is divided by 286.
282
What is the remainder when 518650 is divided by 172883?
1
Calculate the remainder when 9482 is divided by 9469.
13
What is the remainder when 11818 is divided by 1965?
28
What is the remainder when 2802 is divided by 64?
50
What is the remainder when 566 is divided by 114?
110
Calculate the remainder when 16247 is divided by 3224.
127
What is the remainder when 46830 is divided by 886?
758
What is the remainder when 122873 is divided by 350?
23
Calculate the remainder when 8694 is divided by 8686.
8
Calculate the remainder when 54485 is divided by 18161.
2
What is the remainder when 4818 is divided by 801?
12
Calculate the remainder when 26739 is divided by 36.
27
Calculate the remainder when 2145 is divided by 2140.
5
Calculate the remainder when 50111 is divided by 928.
927
What is the remainder when 155958 is divided by 2835?
33
What is the remainder when 31307 is divided by 1493?
1447
Calculate the remainder when 124506 is divided by 124491.
15
What is the remainder when 116 is divided by 65?
51
What is the remainder when 2232 is divided by 26?
22
What is the remainder when 3461 is divided by 46?
11
Calculate the remainder when 28392 is divided by 710.
702
What is the remainder when 3723808 is divided by 91?
88
Calculate the remainder when 419415 is divided by 872.
855
Calculate the remainder when 770448 is divided by 19.
17
Calculate the remainder when 21175 is divided by 6716.
1027
What is the remainder when 1668 is divided by 15?
3
What is the remainder when 1699 is divided by 1280?
419
Calculate the remainder when 110870 is divided by 1046.
1040
What is the remainder when 95174 is divided by 7321?
1
Calculate the remainder when 349 is divided by 130.
89
Calculate the remainder when 970 is divided by 300.
70
What is the remainder when 562 is divided by 427?
135
Calculate the remainder when 9305 is divided by 4642.
21
What is the remainder when 683982 is divided by 2758?
2756
What is the remainder when 1554 is divided by 27?
15
Calculate the remainder when 248325 is divided by 1552.
5
What is the remainder when 2011 is divided by 489?
55
Calculate the remainder when 5578 is divided by 147.
139
What is the remainder when 971608 is divided by 834?
832
Calculate the remainder when 253956 is divided by 40.
36
What is the remainder when 152635 is divided by 62?
53
Calculate the remainder when 264363 is divided by 4.
3
What is the remainder when 7334 is divided by 719?
144
Calculate the remainder when 5090 is divided by 77.
8
What is the remainder when 280781 is divided by 322?
319
What is the remainder when 235713 is divided by 8127?
30
Calculate the remainder when 346466 is divided by 13.
3
Calculate the remainder when 8339 is divided by 27.
23
Calculate the remainder when 24410 is divided by 1511.
234
What is the remainder when 18572 is divided by 4640?
12
Calculate the remainder when 52100 is divide